ime?
False
Let b(h) = 3*h**3 - 3*h**2 - 31. Let y be b(17). Suppose 3214 = -z + y. Is z a composite number?
False
Let s = -2247 + 1482. Let f = s + 1612. Let o = f - 584. Is o prime?
True
Suppose 10*r = -151*r + 5349547. Is r prime?
False
Let o(w) = 23*w**2 - 6*w**2 + 7*w**2 + 13*w - 33 + 5*w**2. Is o(8) a prime number?
False
Let i(c) = 13*c**3 + 5*c**2 - 3*c. Suppose 8*p - 41 = -1. Is i(p) a composite number?
True
Suppose 7*h - 1 = -57. Is (-7 + 3)*998/h a prime number?
True
Let w(v) = 2*v**3 - 21*v**2 - 6*v + 4. Let d = 163 - 146. Is w(d) prime?
True
Suppose -12*h + 10 = -7*h, -x - 5008 = 4*h. Let o = -3543 - x. Is o prime?
False
Suppose 29*t - 41*t - 48 = 0. Suppose -8 = 4*p + q, -3*p - q - 10 = -3. Is 516/1 - t - p prime?
True
Let x(f) = f**3 - 22*f**2 - 58*f + 6. Let b be (28 + -5 + 6)/1. Is x(b) a prime number?
True
Is 248126 + 105/(-5) - -12 a composite number?
False
Suppose 8 = 11*r - 47. Suppose -38170 = r*t - 98105. Is t prime?
True
Let i = 1077 - 9083. Let v = -5439 - i. Is v composite?
True
Suppose -68 = -2*s - 4*x, 5*s + x + 0*x - 179 = 0. Let h = s - 39. Is 310*((-17)/(-5) + h) + 3 a composite number?
False
Let z(u) be the second derivative of 47*u**3/2 + 49*u**2 - 2*u + 67. Is z(3) composite?
False
Let y(t) = 579*t - 7. Let c(v) = -v**3 + 6*v**2 - 2*v - 12. Let n be c(5). Suppose -2 = -n*x + 4. Is y(x) composite?
False
Suppose -177*t = -176*t - 5, l = -5*t + 17706. Is l composite?
False
Is 3*(36342 + -3)*2/6 composite?
True
Suppose 0*w + 5*w - 29541 = -4*p, -p = 5*w - 7374. Suppose 3*d - 4443 = p. Suppose -5*t - 3*t + d = 0. Is t composite?
True
Let o(l) = 26*l**2 + 4*l - 4. Let x be o(1). Let u(w) = 5*w**2 - 7*w + 19. Is u(x) a prime number?
True
Suppose 1 - 13 = -2*c. Let u(j) = 341*j - 73. Is u(c) a composite number?
False
Let k be -3*((-460)/15)/(-4). Let o = -16 - k. Suppose 422 = o*g - 5*g. Is g a prime number?
True
Let u(g) = -5528*g**3 + 11*g**2 + 18*g - 33. Is u(-4) a prime number?
False
Let o be 0 + (85/(-68))/((-2)/8). Suppose l - 15549 = -0*l + 2*h, o*l - 2*h - 77777 = 0. Is l prime?
False
Let m be (16/6 + -2)*30/4. Suppose 5*y = -m*j + 220, 5*j = 3*y - 87 - 5. Is 23*y*(-7)/(-21) a prime number?
False
Suppose -18*k + 21*k + 61268 = n, -5*n + 2*k = -306379. Is n prime?
False
Let y(m) = -18702*m + 2153. Is y(-8) a composite number?
False
Suppose 23*c = 4*y + 21*c - 212842, -3*y - c = -159644. Is y a composite number?
True
Let l be 0/2 - (11 - 1). Suppose 256*p - 50 = -215*p + 446*p. Is p/l + (-46536)/(-105) composite?
False
Let h(s) = -s**2 + 16*s - 8. Let c be h(13). Let a = 33 - c. Suppose a*x - 28 - 635 = y, -4 = 4*y. Is x a composite number?
False
Let v(r) = r**3 - 3*r**2 + 2*r + 19408. Let l be v(0). Let z = l + -6011. Is z prime?
True
Suppose 107*h - 348147 = 998961 + 886303. Is h prime?
True
Let k(y) = 3*y**3 - 4*y**2 + 5*y + 43. Let j be k(-6). Let o = j - -2832. Is o composite?
False
Is 12/66 - ((-4039700)/154 - 5) a composite number?
False
Let q = -67252 + 119219. Is q a composite number?
True
Is (-14310996)/(-16) + 1615/(-380) a composite number?
True
Suppose 2*m - 2284 = 744. Suppose -q = -m - 141. Suppose -4*y = y - q. Is y a prime number?
True
Suppose 4*u - 24*u = -20. Is (2968 + u + -6)*1 a prime number?
True
Let m(v) = 56678*v - 1841. Is m(3) prime?
True
Suppose -2914759 = -14*b - 641943. Suppose -21*t = -638897 + b. Is t a composite number?
True
Let l = -130 - -353. Suppose -5*g + 2633 = l. Let h = g + -39. Is h prime?
True
Let t(p) = -101*p**3 - 8*p**2 + 15*p - 19. Let x be t(-9). Suppose -5*h = -x - 46748. Is h prime?
False
Suppose -86*d + 2573072 = 585010. Is d a composite number?
False
Is 33/11 - (-21273 + 5) a prime number?
False
Let f = 10 - 10. Suppose f = b + b - 16. Suppose b*h = 636 + 1356. Is h prime?
False
Suppose 400*m - 362*m = 18324398. Is m a prime number?
False
Suppose 5*t - 18061 = 4*b, -t + 4*t = b + 10838. Let s = t - 1712. Is s prime?
True
Let x = -10525 + 15290. Is x prime?
False
Suppose -21 = 2*j - 17. Let p be (-6)/(-9)*(2 - (7 + j)). Is 5 + -2 - 2058/(p + -1) a composite number?
True
Let d = -7 + 10. Suppose -4*h - 50 - 82 = 5*t, -5*h - 46 = 2*t. Let u = d - t. Is u composite?
False
Suppose 0*i - 4*o = 2*i + 8, 0 = 4*o - 12. Let a be -3 + (-6 - -2) + 4 + i. Let y(n) = 3*n**2 - 13*n - 45. Is y(a) composite?
False
Let o(f) = -1 + 3740*f - 2248*f + 2053*f + 3259*f. Is o(1) a prime number?
True
Suppose f = -0*f + 93. Let v = 101 - f. Is 1326/3*4/v composite?
True
Let a = 323 + -317. Suppose -20 = 11*i - a*i, 2*i + 135 = p. Is p a prime number?
True
Suppose k - 20179 = 4*o, -5*k + 60537 = -2*k + 4*o. Suppose 5*j = -3*b + k, -b + 3*b = 4*j - 16152. Is j a prime number?
False
Let t = 59 + -43. Suppose -t*k - 90060 = -4*k. Let c = -5196 - k. Is c a composite number?
False
Suppose -151*q = -303*q + 16331032. Is q a prime number?
True
Suppose p = 4*c - 9 - 3, 0 = 5*c - 4*p - 26. Let v be -9 - -7 - (-4 - (c - 0)). Suppose -884 = 4*q - 7*q + y, -q + v*y = -313. Is q composite?
False
Let u be (-38)/(-7) - (-57)/(-133). Suppose 0*y + 21002 = 5*p - 3*y, p + u*y = 4206. Is p a composite number?
False
Suppose 0 = -2*f + 7*f - 3*m - 2056870, -5*m = -3*f + 1234138. Is f composite?
False
Let b(h) = -7*h - 68. Let i be b(-10). Let q(m) = 4*m + 2. Let g be q(-2). Is (1 + 7554)*i/(-12)*g a composite number?
True
Let s = -4137 + 30278. Is s a prime number?
True
Let a(p) = -3*p - 19. Let o be a(-6). Let d be o*6/(-1)*(-12)/(-24). Suppose d*g + 3*k - 3570 = 0, -5*k = g + 2*g - 3560. Is g a prime number?
False
Let s(m) be the first derivative of -91*m**2 - 5*m - 144. Let w(r) = -r**3 - 7*r**2 - 5*r + 3. Let f be w(-6). Is s(f) a composite number?
False
Let z(t) = 50*t**2 + 2*t - 1. Let s = -47 - -58. Let r(k) = -k**3 + 11*k**2 - 2*k + 24. Let w be r(s). Is z(w) prime?
False
Let d = -423815 - -668454. Is d prime?
True
Let p = 201 - -1708. Suppose 5*z + p = -j + 2*j, 1909 = j + z. Is j a prime number?
False
Is 8*(-7 + (-413)/(-56)) + 9530 a prime number?
True
Let u = 1832 + 494. Is ((-426)/284)/(((-9)/u)/3) prime?
True
Suppose 4*v - 775 - 603 = -3*n, 20 = -4*v. Let o = 1387 - n. Is o composite?
True
Let p = -318 + 14681. Is p a prime number?
False
Let p = 10426 - 5291. Let x(m) = -2*m**2 - 22*m + 9. Let o be x(-11). Suppose o*y = 4*y + p. Is y prime?
False
Let x(o) be the second derivative of -49*o**4/4 - o**3 + 5*o**2/2 - 15*o. Let j be x(1). Is -17*3/(12/j) composite?
True
Let o(d) = -8*d + 74. Let m be o(9). Suppose -82*f + 3812 = -80*f + 2*w, -1909 = -f - m*w. Is f composite?
True
Suppose 1361 - 7937 = -16*m. Suppose 0 = 2*c - i - 1353, -5*i + 972 = 2*c - m. Is c a composite number?
True
Let k(a) = 2*a**2 + 29*a + 17. Let c be k(-14). Suppose -720 = -2*i - c*y + 916, 0 = -5*i - 3*y + 4081. Is 2*(-1 - i/(-10)) composite?
True
Suppose 992301 = 16*n - 6727936 + 1356221. Is n a composite number?
False
Suppose -48*c + 806738 + 1327246 = 0. Is c a prime number?
False
Let x(n) = n**2 + 14*n + 6. Let r be x(-14). Suppose -r = -q - 3. Suppose 0 = -5*g - q*a + 937, -4*a = -5*g - a + 913. Is g composite?
True
Suppose -68*p = -3*p - 2660094 - 9705701. Is p a composite number?
False
Suppose -3*w + 4*x + 153323 = -253926, -4*w = 2*x - 542962. Is w composite?
False
Suppose -51 = -5*y + 4*b + 61, 3*y = 2*b + 66. Is 5*(1 - (-89712)/y) composite?
False
Suppose 4*r = -8*r + 5916733 + 109871. Is r a prime number?
True
Let m(h) = 39*h + 25618. Let n = 436 - 436. Is m(n) a composite number?
True
Let j = -260 - -263. Suppose -5*a - 5*s + 9825 = 0, -2*a + 3906 = -j*s - s. Is a a composite number?
True
Let q = 200093 + -120851. Let b = q + -53881. Is b a prime number?
False
Suppose -297 = -5*q - 297. Let u(s) = -s + 2559. Is u(q) a prime number?
False
Suppose -q + 5 + 32 = -d, 5*q - 153 = 4*d. Let m be (d/(-40))/(2 - (-11)/(-5)). Is (m/6)/((-2)/921) a prime number?
True
Suppose 0 = -4*u + 52 + 4. Let f = 314 - u. Let r = 1053 - f. Is r composite?
True
Let q be (3 - 5)*2 + 32. Let d(t) = 10*t - 8*t + 3*t + 10*t**3 - q*t**3 + 3*t**2 + 1. Is d(-3) a composite number?
False
Suppose p = 3*h - 0*h + 10891, -h - 2*p = 3642. Is ((-13)/(-2))/((-8)/h) a composite number?
True
Suppose 0 = -17*b + 19*b + 5*a - 130026, 4*b = 3*a + 260000. Is b prime?
True
Let x be 3/((-9)/3184)*(-2001)/92. Suppose 0 = 5*d - 4*r - 18035, -5074 + x = 5*